855
-11212 (base 3) to base 8
-203
3431 (base 11) to base 15
150b
Convert -318 (base 12) to base 9.
-552
Convert -1222 (base 9) to base 3.
-1020202
Convert 2020 (base 8) to base 10.
1040
Convert 272 (base 14) to base 2.
111101100
361 (base 12) to base 3
200201
What is -1221120 (base 3) in base 5?
-21134
Convert -6132 (base 11) to base 8.
-17716
Convert -100110010100011 (base 2) to base 15.
-5c2e
Convert -4440 (base 7) to base 4.
-120330
Convert 24434 (base 7) to base 14.
248b
25245 (base 6) to base 7
14000
120021221 (base 3) to base 11
8416
What is 121013 (base 4) in base 14?
82b
Convert 1420 (base 11) to base 15.
827
What is -330203 (base 5) in base 14?
-4195
What is -5a5 (base 15) in base 13?
-776
7a2 (base 13) to base 9
1721
What is -2557 (base 15) in base 13?
-3811
-16465 (base 12) to base 4
-13300031
-11022 (base 5) to base 2
-1011111010
What is -61265 (base 9) in base 14?
-1099a
What is -802 (base 9) in base 12?
-462
Convert 8c3 (base 15) to base 14.
a19
-50313 (base 6) to base 12
-3999
Convert 18359 (base 14) to base 7.
342642
Convert 1fe (base 16) to base 15.
240
-6326 (base 8) to base 3
-11111201
-44a80 (base 11) to base 7
-361022
1002111 (base 3) to base 11
664
What is a72e (base 16) in base 12?
20926
-8636 (base 9) to base 6
-45223
What is 504 (base 10) in base 9?
620
Convert 3211 (base 11) to base 3.
12211022
-269 (base 14) to base 10
-485
Convert -2330 (base 5) to base 6.
-1324
31d3 (base 16) to base 8
30723
Convert -1010111100001 (base 2) to base 9.
-7613
What is 990a (base 11) in base 7?
53062
Convert -73c0 (base 14) to base 5.
-1114324
What is -1725 (base 11) in base 9?
-3020
What is -1589b (base 12) in base 9?
-46032
Convert 5570 (base 8) to base 13.
144b
Convert -548 (base 12) to base 14.
-3d6
1100000101 (base 2) to base 5
11043
-231211 (base 4) to base 13
-1435
Convert 2640 (base 7) to base 13.
5c7
Convert 9d3 (base 14) to base 3.
2200012
What is 2102002 (base 4) in base 15?
2b81
Convert -3068 (base 14) to base 11.
-6288
22440 (base 6) to base 13
15b7
-16c (base 13) to base 11
-216
-63a8 (base 14) to base 5
-1022300
What is -10000000111111 (base 2) in base 5?
-231010
-11612 (base 7) to base 9
-4155
303 (base 11) to base 13
222
What is -228b (base 12) in base 16?
-f0b
What is 1110343 (base 6) in base 3?
2211122000
11001 (base 4) to base 15
166
What is -7960 (base 11) in base 3?
-112100212
What is 1ee7 (base 16) in base 11?
5a42
Convert b99 (base 13) to base 16.
7c1
What is -136c8 (base 13) in base 8?
-106752
-1752 (base 8) to base 3
-1101010
Convert 717 (base 8) to base 2.
111001111
What is 301 (base 16) in base 8?
1401
Convert -3122 (base 5) to base 12.
-2a4
Convert -123000 (base 4) to base 2.
-11011000000
What is 428 (base 16) in base 5?
13224
What is -3325 (base 6) in base 12?
-545
What is 8880 (base 11) in base 6?
130104
What is -320 (base 11) in base 7?
-1060
What is -1032155 (base 6) in base 3?
-2121000122
What is -52 (base 7) in base 9?
-41
What is 143314 (base 5) in base 9?
8310
What is -4450 (base 9) in base 7?
-12402
Convert 79b (base 16) to base 15.
89c
What is -321 (base 6) in base 10?
-121
Convert 1110 (base 6) to base 11.
215
Convert -1000010010 (base 2) to base 3.
-201122
What is 73671 (base 8) in base 4?
13132321
-57a (base 15) to base 14
-648
36064 (base 7) to base 14
356b
-5080 (base 14) to base 3
-200222022
55d7 (base 14) to base 12
8749
Convert -101121 (base 4) to base 8.
-2131
Convert 101122220 (base 3) to base 15.
2483
-21303 (base 9) to base 16
-3711
-11381 (base 10) to base 2
-10110001110101
What is -11111111010 (base 2) in base 11?
-1597
Convert 17cb (base 13) to base 10.
3547
-41f4 (base 16) to base 13
-78ba
162 (base 8) to base 6
310
What is -1022112201 (base 3) in base 10?
-25912
What is 1269 (base 13) in base 8?
5076
What is -9bf (base 16) in base 4?
-212333
c63 (base 13) to base 10
2109
Convert 1a3b (base 12) to base 6.
22515
3041 (base 5) to base 9
480
Convert 3101 (base 6) to base 8.
1255
What is -602a (base 11) in base 6?
-101042
1000001010100 (base 2) to base 13
1b97
Convert 255 (base 13) to base 8.
630
What is -13 (base 8) in base 7?
-14
2202121 (base 3) to base 13
bbc
What is 1610 (base 7) in base 15?
2ce
Convert 113021 (base 4) to base 12.
a35
Convert 43108 (base 12) to base 3.
11111002122
What is -26051 (base 14) in base 13?
-33661
Convert 11302200 (base 4) to base 6.
301440
-3120 (base 8) to base 13
-974
Convert -2038 (base 9) to base 2.
-10111010101
1193 (base 13) to base 4
212312
What is 535 (base 11) in base 13?
3a6
What is 224d (base 16) in base 2?
10001001001101
Convert 1122111211 (base 3) to base 8.
77301
What is -2111202 (base 3) in base 4?
-130211
-e64 (base 15) to base 10
-3244
What is 260b (base 15) in base 14?
2d55
What is -32a6 (base 14) in base 16?
-2242
Convert 12173 (base 8) to base 12.
304b
-301023 (base 4) to base 9
-4276
-972 (base 13) to base 16
-64e
15536 (base 8) to base 3
100121111
235 (base 9) to base 14
dc
Convert -231133 (base 4) to base 13.
-142c
22021222 (base 4) to base 16
a26a
49 (base 15) to base 7
126
What is 2114 (base 5) in base 10?
284
60112 (base 8) to base 14
8daa
What is -16 (base 10) in base 6?
-24
Convert -1bc2 (base 16) to base 7.
-26501
Convert -30644 (base 7) to base 11.
-5725
Convert 7919 (base 12) to base 3.
200101210
-de2 (base 16) to base 2
-110111100010
-741 (base 14) to base 8
-2625
Convert -1101b (base 15) to base 4.
-31030022
223b (base 15) to base 4
1301120
What is 1142333 (base 5) in base 14?
7c25
What is 10115 (base 6) in base 8?
2477
What is -505 (base 11) in base 16?
-262
-a27 (base 12) to base 9
-2014
-244 (base 6) to base 11
-91
26197 (base 11) to base 3
1220102201
Convert -526 (base 11) to base 6.
-2533
220 (base 7) to base 14
80
What is 24 (base 7) in base 9?
20
What is -133146 (base 8) in base 14?
-13034
Convert -10010 (base 4) to base 16.
-104
What is 6950 (base 16) in base 3?
1100222112
What is 2221 (base 5) in base 13?
1ac
What is -45 (base 16) in base 11?
-63
1534 (base 7) to base 5
4423
Convert 1201100021 (base 3) to base 9.
51307
Convert 43a (base 12) to base 10.
622
What is 4054 (base 7) in base 12?
997
Convert 162 (base 9) to base 5.
1022
Convert -196 (base 11) to base 7.
-442
-4552 (base 6) to base 8
-2064
What is -43a9 (base 15) in base 12?
-8366
-1975 (base 12) to base 4
-300221
What is -1a44 (base 15) in base 14?
-2105
5401 (base 6) to base 8
2311
Convert 2124 (base 7) to base 11.
625
Convert a997 (base 11) to base 14.
5401
What is -7bc1 (base 14) in base 16?
-541d
-2011021 (base 3) to base 15
-6ed
Convert 148 (base 10) to base 3.
12111
-32 (base 15) to base 6
-115
What is 92c (base 14) in base 12?
1064
Convert 2514 (base 8) to base 14.
6cc
41aa (base 12) to base 16
1c12
Convert a943 (base 12) to base 3.
221112220
Convert 220101020 (base 3) to base 14.
6696
11110011110 (base 2) to base 11
1513
fb5 (base 16) to base 15
12d1
Convert 12002 (base 3) to base 5.
1022
What is 5028 (base 9) in base 13?
1895
What is 9948 (base 10) in base 9?
14573
Convert -12541 (base 6) to base 9.
-2577
What is 22323 (base 4) in base 3?
221220
What is -21563 (base 10) in base 16?
-543b
What is 12661 (base 7) in base 10?
3424
What is -c89 (base 13) in base 16?
-85d
What is 6156 (base 7) in base 10?
2148
What is 9d51 (base 16) in base 6?
510241
Convert 21111 (base 4) to base 11.
4a3
What is -5b8 (base 12) in base 16?
-35c
Convert 4653 (base 13) to base 4.
2122032
Convert 13225 (base 10) to base 13.
6034
Convert -211201 (base 3) to base 11.
-508
1000010100 (base 2) to base 7
1360
What is 19ca (base 13) in base 9?
5285
Convert -69425 (base 10) to base 14.
-1b42d
Convert 102113 (base 4) to base 9.
1545
Convert 1011001111010 (base 2) to base 12.
33b6
Convert 11241 (base 5) to base 7.
2252
832c (base 13) to base 15
5581
-b021 (base 14) to base 10
-30213
Convert 31301 (base 10) to base 13.
1132a
What is 2442143 (base 5) in base 11?
31a77
What is 1110001001101 (base 2) in base 4?
1301031
Convert 386 (base 10) to base 2.
110000010
What is 100110100101 (base 2) in base 9?
3343
Convert -2400 (base 9) to base 2.
-11011110110
What is 32321 (base 5) in base 4?
202203
What is 26156 (base 12) in base 10?
52050
What is -121110122 (base 3) in base 11?
-9024
Convert -30c8 (base 13) to base 10.
-6755
360 (base 11) to base 14
229
What is -11000100 (base 2) i